{"id":9,"date":"2025-08-05T21:07:04","date_gmt":"2025-08-05T21:07:04","guid":{"rendered":"https:\/\/mermoud.cl\/?page_id=9"},"modified":"2025-09-05T04:08:16","modified_gmt":"2025-09-05T04:08:16","slug":"inicio","status":"publish","type":"page","link":"https:\/\/mermoud.cl\/","title":{"rendered":"Inicio"},"content":{"rendered":"\n<figure class=\"wp-block-image size-full is-resized\"><img loading=\"lazy\" decoding=\"async\" width=\"743\" height=\"178\" src=\"https:\/\/mermoud.cl\/wp-content\/uploads\/2025\/08\/bienvenidos.png\" alt=\"\" class=\"wp-image-52\" style=\"width:252px;height:auto\" srcset=\"https:\/\/mermoud.cl\/wp-content\/uploads\/2025\/08\/bienvenidos.png 743w, https:\/\/mermoud.cl\/wp-content\/uploads\/2025\/08\/bienvenidos-300x72.png 300w\" sizes=\"auto, (max-width: 706px) 89vw, (max-width: 767px) 82vw, 740px\" \/><\/figure>\n\n\n\n<p>\u00a1Te damos la bienvenida a tu nueva casa! <br>Constructora Mermoud trabaja d\u00eda a d\u00eda para que tengas toda la informaci\u00f3n necesaria sobre los nuevos proyectos habitacionales.<br>Aqu\u00ed encontrar\u00e1s toda la informaci\u00f3n sobre las obras que realizamos, para que conozcas cuales son los beneficios de mejoras y ampliaciones en tu vivienda.<\/p>\n\n\n\n<div class=\"wp-block-columns is-layout-flex wp-container-core-columns-is-layout-9d6595d7 wp-block-columns-is-layout-flex\">\n<div class=\"wp-block-column is-layout-flow wp-block-column-is-layout-flow\">\n<figure class=\"wp-block-image size-full\"><a href=\"https:\/\/mermoud.cl\/index.php\/subsidios\/#ampliacion\"><img loading=\"lazy\" decoding=\"async\" width=\"601\" height=\"895\" src=\"https:\/\/mermoud.cl\/wp-content\/uploads\/2025\/08\/ampliacion-A.jpg\" alt=\"\" class=\"wp-image-82\" srcset=\"https:\/\/mermoud.cl\/wp-content\/uploads\/2025\/08\/ampliacion-A.jpg 601w, https:\/\/mermoud.cl\/wp-content\/uploads\/2025\/08\/ampliacion-A-201x300.jpg 201w\" sizes=\"auto, (max-width: 601px) 100vw, 601px\" \/><\/a><\/figure>\n<\/div>\n\n\n\n<div class=\"wp-block-column is-layout-flow wp-block-column-is-layout-flow\">\n<figure class=\"wp-block-image size-full\" id=\"mejoramiento\"><a href=\"https:\/\/mermoud.cl\/index.php\/subsidios\/#mejoramiento\"><img loading=\"lazy\" decoding=\"async\" width=\"601\" height=\"895\" src=\"https:\/\/mermoud.cl\/wp-content\/uploads\/2025\/08\/mejoramiento-A.jpg\" alt=\"\" class=\"wp-image-83\" srcset=\"https:\/\/mermoud.cl\/wp-content\/uploads\/2025\/08\/mejoramiento-A.jpg 601w, https:\/\/mermoud.cl\/wp-content\/uploads\/2025\/08\/mejoramiento-A-201x300.jpg 201w\" sizes=\"auto, (max-width: 601px) 100vw, 601px\" \/><\/a><\/figure>\n<\/div>\n\n\n\n<div class=\"wp-block-column is-layout-flow wp-block-column-is-layout-flow\">\n<figure class=\"wp-block-image size-full\"><a href=\"https:\/\/mermoud.cl\/index.php\/subsidios\/#acondicionamiento\"><img loading=\"lazy\" decoding=\"async\" width=\"601\" height=\"895\" src=\"https:\/\/mermoud.cl\/wp-content\/uploads\/2025\/08\/termico-A.jpg\" alt=\"\" class=\"wp-image-84\" srcset=\"https:\/\/mermoud.cl\/wp-content\/uploads\/2025\/08\/termico-A.jpg 601w, https:\/\/mermoud.cl\/wp-content\/uploads\/2025\/08\/termico-A-201x300.jpg 201w\" sizes=\"auto, (max-width: 601px) 100vw, 601px\" \/><\/a><\/figure>\n<\/div>\n<\/div>\n\n\n\n<p class=\"has-text-color has-link-color wp-elements-6519f8bb8acf2808b9b09c6372842b69\" style=\"color:#1f5ad8\">Puedes revisar m\u00e1s informaci\u00f3n <strong><mark style=\"background-color:rgba(0, 0, 0, 0);color:#113cd8\" class=\"has-inline-color\"><a href=\"https:\/\/mermoud.cl\/index.php\/subsidios\/\">AQU\u00cd<\/a><\/mark><\/strong><\/p>\n\n\n\n<p><\/p>\n","protected":false},"excerpt":{"rendered":"<p>\u00a1Te damos la bienvenida a tu nueva casa! Constructora Mermoud trabaja d\u00eda a d\u00eda para que tengas toda la informaci\u00f3n necesaria sobre los nuevos proyectos habitacionales.Aqu\u00ed encontrar\u00e1s toda la informaci\u00f3n sobre las obras que realizamos, para que conozcas cuales son los beneficios de mejoras y ampliaciones en tu vivienda. Puedes revisar m\u00e1s informaci\u00f3n AQU\u00cd<\/p>\n","protected":false},"author":1,"featured_media":0,"parent":0,"menu_order":0,"comment_status":"closed","ping_status":"closed","template":"","meta":{"footnotes":""},"class_list":["post-9","page","type-page","status-publish","hentry"],"_links":{"self":[{"href":"https:\/\/mermoud.cl\/index.php\/wp-json\/wp\/v2\/pages\/9","targetHints":{"allow":["GET"]}}],"collection":[{"href":"https:\/\/mermoud.cl\/index.php\/wp-json\/wp\/v2\/pages"}],"about":[{"href":"https:\/\/mermoud.cl\/index.php\/wp-json\/wp\/v2\/types\/page"}],"author":[{"embeddable":true,"href":"https:\/\/mermoud.cl\/index.php\/wp-json\/wp\/v2\/users\/1"}],"replies":[{"embeddable":true,"href":"https:\/\/mermoud.cl\/index.php\/wp-json\/wp\/v2\/comments?post=9"}],"version-history":[{"count":29,"href":"https:\/\/mermoud.cl\/index.php\/wp-json\/wp\/v2\/pages\/9\/revisions"}],"predecessor-version":[{"id":322,"href":"https:\/\/mermoud.cl\/index.php\/wp-json\/wp\/v2\/pages\/9\/revisions\/322"}],"wp:attachment":[{"href":"https:\/\/mermoud.cl\/index.php\/wp-json\/wp\/v2\/media?parent=9"}],"curies":[{"name":"wp","href":"https:\/\/api.w.org\/{rel}","templated":true}]}}